ulate the highest common divisor of 2925 and 78000.
975
Calculate the highest common factor of 10269 and 8379.
63
What is the greatest common factor of 48006 and 25326?
378
Calculate the greatest common factor of 267 and 2712987.
267
Calculate the greatest common divisor of 1121 and 8791.
59
Calculate the highest common factor of 832 and 105536.
64
What is the greatest common divisor of 6549 and 177000?
177
What is the greatest common factor of 96 and 1948?
4
What is the greatest common divisor of 156 and 2732?
4
Calculate the highest common factor of 38 and 10483478.
38
Calculate the greatest common factor of 2 and 173718.
2
Calculate the greatest common factor of 424 and 706066.
106
Calculate the greatest common divisor of 1696400 and 250.
50
What is the highest common divisor of 1192509 and 29?
29
Calculate the greatest common divisor of 6797 and 298097.
971
What is the greatest common factor of 231 and 6105?
33
What is the greatest common factor of 11050 and 1326?
442
Calculate the highest common divisor of 23472 and 16272.
144
What is the highest common divisor of 775 and 45105?
155
What is the highest common divisor of 18 and 173970?
18
Calculate the highest common factor of 59569 and 8875.
71
What is the highest common factor of 152 and 551?
19
What is the greatest common factor of 19 and 691391?
19
What is the greatest common divisor of 22385 and 2405?
185
What is the highest common factor of 663 and 8931?
39
Calculate the greatest common factor of 140 and 322105.
35
Calculate the greatest common divisor of 506 and 3498.
22
Calculate the greatest common divisor of 1513084 and 8987.
817
Calculate the greatest common factor of 14420 and 56.
28
Calculate the highest common divisor of 4 and 5578.
2
Calculate the highest common divisor of 5680875 and 50.
25
Calculate the greatest common factor of 63328 and 288.
32
What is the highest common factor of 84 and 941892?
84
Calculate the highest common factor of 2055 and 1055.
5
Calculate the greatest common factor of 55490 and 465.
155
Calculate the highest common factor of 77435 and 255.
85
Calculate the greatest common divisor of 231177 and 21975.
879
What is the greatest common divisor of 1806 and 18?
6
Calculate the highest common factor of 13 and 384332.
13
What is the greatest common divisor of 8398522 and 44?
22
Calculate the highest common divisor of 20223 and 756.
189
Calculate the greatest common divisor of 226416 and 48.
48
Calculate the highest common factor of 372 and 316634.
62
Calculate the greatest common divisor of 198 and 228217.
11
Calculate the highest common divisor of 414 and 16353.
207
Calculate the highest common divisor of 34858 and 58.
58
Calculate the highest common divisor of 901 and 689.
53
Calculate the highest common factor of 14564 and 366748.
1324
Calculate the greatest common factor of 216 and 1089720.
216
Calculate the greatest common divisor of 1914 and 1421.
29
Calculate the greatest common divisor of 828 and 5580.
36
What is the greatest common divisor of 116760 and 1365?
105
Calculate the greatest common factor of 40 and 281030.
10
Calculate the greatest common divisor of 1208 and 115666.
302
Calculate the highest common factor of 154 and 12353.
11
What is the greatest common divisor of 29232 and 228?
12
What is the greatest common factor of 82808 and 512?
8
Calculate the greatest common divisor of 847 and 60621.
121
Calculate the highest common divisor of 1334 and 190907.
29
What is the greatest common divisor of 1848 and 41454?
42
What is the highest common factor of 148301 and 2?
1
Calculate the greatest common divisor of 446948 and 58.
58
Calculate the greatest common factor of 527 and 266985.
17
What is the highest common divisor of 9 and 26?
1
What is the greatest common divisor of 45961 and 36613?
779
What is the highest common divisor of 261 and 1117544?
29
What is the highest common divisor of 14660 and 65?
5
Calculate the highest common factor of 5725935 and 855.
855
Calculate the greatest common divisor of 13 and 149539.
13
What is the greatest common factor of 254376 and 162?
18
Calculate the greatest common factor of 11374 and 1739.
47
What is the greatest common divisor of 200 and 142840?
40
Calculate the highest common factor of 45344 and 1456.
208
What is the greatest common factor of 432 and 19464?
24
What is the highest common factor of 111483 and 27?
27
What is the greatest common divisor of 520244 and 332?
332
Calculate the greatest common factor of 9351 and 144.
9
What is the greatest common divisor of 450 and 5670?
90
Calculate the greatest common divisor of 248 and 1048.
8
Calculate the highest common factor of 4646225 and 25.
25
Calculate the greatest common factor of 62526 and 901.
17
What is the highest common divisor of 676449 and 72?
9
What is the greatest common divisor of 11720 and 7400?
40
What is the highest common divisor of 9917 and 6541?
211
What is the greatest common divisor of 240 and 14864?
16
What is the greatest common divisor of 23010 and 4290?
390
What is the highest common divisor of 370 and 24030?
10
Calculate the greatest common factor of 14358 and 18.
6
What is the highest common divisor of 48484 and 2?
2
Calculate the highest common factor of 2067097 and 41.
41
What is the highest common divisor of 19708 and 364?
52
What is the highest common factor of 219 and 19126?
73
Calculate the highest common factor of 33 and 1244628.
33
What is the greatest common factor of 14333 and 913?
11
What is the greatest common factor of 296113 and 6371?
277
Calculate the highest common factor of 318 and 5419038.
318
What is the highest common divisor of 168 and 2236?
4
Calculate the greatest common divisor of 726 and 8250.
66
Calculate the highest common divisor of 128840 and 80.
40
Calculate the highest common factor of 234495 and 9.
9
What is the highest common factor of 151590 and 150?
30
Calculate the greatest common factor of 700 and 156632.
28
What is the greatest common divisor of 4160 and 7709?
13
What is the highest common divisor of 231 and 20811?
21
Calculate the greatest common factor of 461 and 3877471.
461
What is the greatest common factor of 5325 and 43310?
355
Calculate the highest common factor of 16043 and 5429.
61
What is the greatest common divisor of 29238 and 96?
6
Calculate the greatest common divisor of 32 and 361176.
8
What is the greatest common divisor of 987 and 317058?
21
Calculate the greatest common divisor of 156 and 4563572.
52
Calculate the highest common divisor of 22969 and 1236.
103
What is the greatest common divisor of 100 and 68350?
50
What is the greatest common divisor of 7232 and 681164?
452
What is the highest common divisor of 32669 and 28?
7
Calculate the highest common factor of 41660 and 160.
20
Calculate the greatest common factor of 6463 and 3496.
23
What is the highest common divisor of 132 and 9460?
44
What is the highest common divisor of 340 and 85?
85
What is the greatest common divisor of 3884 and 4?
4
What is the highest common divisor of 127 and 202819?
127
Calculate the highest common factor of 8400 and 9072.
336
Calculate the highest common factor of 10584 and 3332.
196
Calculate the highest common divisor of 4480 and 2881536.
896
What is the highest common factor of 40 and 256744?
8
Calculate the highest common divisor of 23009 and 665.
133
What is the greatest common factor of 658 and 8883?
329
What is the greatest common factor of 5152 and 31234?
322
Calculate the greatest common factor of 105 and 139146.
21
Calculate the highest common factor of 287 and 656.
41
What is the highest common divisor of 1800 and 2525?
25
Calculate the greatest common factor of 2156 and 245098.
98
What is the highest common divisor of 35982 and 54?
18
Calculate the greatest common factor of 2033 and 5.
1
What is the highest common divisor of 64965 and 213000?
1065
Calculate the greatest common divisor of 24 and 45708.
12
Calculate the highest common factor of 15189 and 1159.
61
Calculate the greatest common divisor of 40 and 1276810.
10
What is the greatest common divisor of 31968 and 4104?
216
What is the highest common factor of 27322 and 1026?
38
What is the highest common factor of 47225 and 1725?
25
Calculate the highest common divisor of 91858 and 13.
13
What is the highest c